{"id":45,"date":"2014-05-26T13:05:32","date_gmt":"2014-05-26T11:05:32","guid":{"rendered":"https:\/\/kinderoutdoor.de\/ktt\/?page_id=45"},"modified":"2024-05-19T16:50:30","modified_gmt":"2024-05-19T14:50:30","slug":"kindertragen","status":"publish","type":"page","link":"https:\/\/kinderoutdoor.de\/ktt\/kindertragen\/","title":{"rendered":"Kindertragen"},"content":{"rendered":"<h2>\u00a0<\/h2>\n<h2 style=\"text-align: justify;\">Warum k\u00f6nnt ihr hier nur die besten Kindertragen leihen?<\/h2>\n<p>Weil wir wollen, dass ihr und die Kinder viel Spa\u00df beim gemeinsamen Wandern habt. Daf\u00fcr ist das Beste gerade noch gut genug. Und das Beste hat drei Namen:<\/p>\n<ul>\n<li><a href=\"https:\/\/www.deuter.com\/de-de\/shop\/rucksacke\/p226117-kindertrage-kid-comfort-pro\" target=\"_blank\" rel=\"noopener\">Deuter Kid Comfort Pro<\/a>: maximaler Komfort f\u00fcr Tr\u00e4ger*in und Kinder. Das Sonnendach ist im R\u00fcckenteil integriert\u00a0<a href=\"https:\/\/www.deuter.com\/de-de\/shop\/rucksacke\/p226117-kindertrage-kid-comfort-pro\" target=\"_blank\" rel=\"noopener\">\ud83d\udec8<\/a><\/li>\n<li><a href=\"https:\/\/www.deuter.com\/de-de\/shop\/rucksacke\/p612109-kindertrage-kid-comfort\" target=\"_blank\" rel=\"noopener\">Deuter Kid Comfort<\/a>: wiegt weniger als die Kid Comfort Pro. Hat ein separates Dach und dasselbe Tragesystem wie die Comfort Pro\u00a0<a href=\"https:\/\/www.deuter.com\/de-de\/shop\/rucksacke\/p612109-kindertrage-kid-comfort\" target=\"_blank\" rel=\"noopener\">\ud83d\udec8<\/a><\/li>\n<li><a href=\"https:\/\/www.deuter.com\/de-de\/shop\/rucksacke\/p226111-kindertrage-kid-comfort-active\" target=\"_blank\" rel=\"noopener\">Deuter Kid Comfort Active<\/a>: leichter geht es kaum. Sehr gut durchl\u00fcftet und ein geringes Eigengewicht\u00a0<a href=\"https:\/\/www.deuter.com\/de-de\/shop\/rucksacke\/p226111-kindertrage-kid-comfort-active\" target=\"_blank\" rel=\"noopener\">\ud83d\udec8<\/a><\/li>\n<\/ul>\n<p>Nehmen wir als Beispiel nur mal die legend\u00e4re Kid Comfort Pro.\u00a0 F\u00fcr euch als Eltern hat die Kid Comfort Pro zwei gro\u00dfe Vorteile, weil diese Kindertrage perfekt sitzt und die Kinder dort unglaublich viel Komfort haben. F\u00fcr die Kinder ist die Deuter Kid Comfort Pro Kindertrage perfekt, weil sie sich sofort darin wohlf\u00fchlen. Quengeln tut in dieser Highend-Kindertrage kein Kind. Welcher Erwachsene schimpft denn, wenn er im Ferrari fahren darf?<\/p>\n<div>Was spricht zum Beispiel f\u00fcr die Kid Comfort Pro? Eine Menge!<\/div>\n<div>\u00a0<\/div>\n<div>\n<ul class=\"MailOutline\">\n<li>Das Tragesystem l\u00e4sst sich stufenlos und individuell einstellen<\/li>\n<li>Die H\u00fcftflossen sind beweglich und sorgen so f\u00fcr hohen Tragekomfort<\/li>\n<li>Der Kindersitz l\u00e4sst sich in der H\u00f6he verstellen<\/li>\n<li>Die Fu\u00dfst\u00fctzen sind ebenfalls h\u00f6henverstellbar<\/li>\n<li>Die Schultertr\u00e4ger sind anatomisch geformt und mit 3D Air Mesh bezogen<\/li>\n<li>Das R\u00fcckensystem ist mit Hohlkammer-Funktionspolstern ausger\u00fcstet, dadurch ist das Ganze atmungsaktiver<\/li>\n<li>seitlicher Halt f\u00fcr das K\u00f6pfchen vom Kind<\/li>\n<li>und vieles mehr<\/li>\n<\/ul>\n<\/div>\n<div>\n<p>Wer einmal diese Kindertrage der Extraklasse gehabt hat, will immer wieder damit losziehen.<\/p>\n<\/div>\n<h3>Noch einen Grund gibt es, warum wir diese Kindertrage verleihen<\/h3>\n<div>Ihr wisst selbst, was eine hochwertige Kindertrage neu oder auch gebraucht kostet. Damit m\u00f6glichst viele Kinder und Eltern mit so einer perfekten Kindertrage unterwegs sein k\u00f6nnen, leihen wir sie euch zu einem moderaten Preis.<\/div>\n<div>\u00a0<\/div>\n<h3><b>OHNE<\/b> versteckte Zusatzkosten und daf\u00fcr mit viel Zusatzleistungen:<\/h3>\n<ul>\n<li>Sonnen-und Regenschutz<\/li>\n<li>ein paar Leki-Trekkingst\u00f6cke (erleichtert das Tragen der Kid Comfort\u00a0Pro und gibt Sicherheit)<\/li>\n<li>einen wasserdichten Packbeutel f\u00fcr den \u00fcblichen Krimskrams (Babynahrung, Feuchtt\u00fccher usw. &#8230;)<\/li>\n<li>wenn wir von eurem Urlaubsziel einen Wanderf\u00fchrer haben, leihen wir euch diesen gerne kostenlos aus<\/li>\n<\/ul>\n<h3>Warum wir dieses Rundumsorglos-Paket haben?<\/h3>\n<div>Weil wir uns, genauso wie ihr, als Verbraucher \u00fcber versteckte Kosten \u00e4rgern. Zum Beispiel z\u00e4hlen bei uns die Versandtage NICHT zur Mietdauer! Ihr zahlt &#8211; alles inklusive &#8211; 40 Euro pro Woche (mit jeder weiteren Woche wird es g\u00fcnstiger) und keinen Cent mehr.\u00a0<\/div>\n<div>\u00a0<\/div>\n<div>\n<ul>\n<li>Preis pro Woche Deutschland: 40,00 Euro (inkl. MwSt. sowie Hin-und R\u00fcckversand) Versanddauer 2 -3 Tage<\/li>\n<li>Preis pro Woche \u00d6sterreich: 47,00 Euro (inkl. MwSt. sowie Hin-und R\u00fcckversand) Versanddauer 3 &#8211; 4 Tage<\/li>\n<\/ul>\n<div>Im Preis ist auch der Hin- <em>und<\/em> R\u00fcckversand enthalten.\u00a0<\/div>\n<div>\u00a0<\/div>\n<div><strong>Wenn ihr m\u00f6chtet, bekommt ihr auch meine individuelle Beratung. <\/strong><a href=\"https:\/\/kinderoutdoor.de\/ktt\/kontakt\/\">Stelle mir gerne deine Fragen<\/a> oder schreibe das Gewicht deiner Kinder in das Kommentarfeld bei der Bestellung.<\/div>\n<\/div>\n<div>\n<div>\u00a0<\/div>\n<h2 id=\"anfrage\" style=\"text-align: center;\"><a href=\"https:\/\/kinderoutdoor.de\/angebote\/produkt\/kindertragen-leihen\/\"><span style=\"background-color: yellow; font-size: 1.41575em;\">Jetzt Kindertrage leihen<\/span><\/a><\/h2>\n<\/div>\n<div>\u00a0<\/div>\n\n\n<p><\/p>\n","protected":false},"excerpt":{"rendered":"<p>\u00a0 Warum k\u00f6nnt ihr hier nur die besten Kindertragen leihen? Weil wir wollen, dass ihr und die Kinder viel Spa\u00df beim gemeinsamen Wandern habt. Daf\u00fcr ist das Beste gerade noch gut genug. Und das Beste hat drei Namen: Deuter Kid Comfort Pro: maximaler Komfort f\u00fcr Tr\u00e4ger*in und Kinder. Das Sonnendach ist im R\u00fcckenteil integriert\u00a0\ud83d\udec8 Deuter [&hellip;]<\/p>\n","protected":false},"author":1,"featured_media":904,"parent":0,"menu_order":5,"comment_status":"open","ping_status":"open","template":"template-fullwidth.php","meta":{"footnotes":""},"class_list":["post-45","page","type-page","status-publish","has-post-thumbnail","hentry"],"_links":{"self":[{"href":"https:\/\/kinderoutdoor.de\/ktt\/wp-json\/wp\/v2\/pages\/45","targetHints":{"allow":["GET"]}}],"collection":[{"href":"https:\/\/kinderoutdoor.de\/ktt\/wp-json\/wp\/v2\/pages"}],"about":[{"href":"https:\/\/kinderoutdoor.de\/ktt\/wp-json\/wp\/v2\/types\/page"}],"author":[{"embeddable":true,"href":"https:\/\/kinderoutdoor.de\/ktt\/wp-json\/wp\/v2\/users\/1"}],"replies":[{"embeddable":true,"href":"https:\/\/kinderoutdoor.de\/ktt\/wp-json\/wp\/v2\/comments?post=45"}],"version-history":[{"count":81,"href":"https:\/\/kinderoutdoor.de\/ktt\/wp-json\/wp\/v2\/pages\/45\/revisions"}],"predecessor-version":[{"id":1592,"href":"https:\/\/kinderoutdoor.de\/ktt\/wp-json\/wp\/v2\/pages\/45\/revisions\/1592"}],"wp:featuredmedia":[{"embeddable":true,"href":"https:\/\/kinderoutdoor.de\/ktt\/wp-json\/wp\/v2\/media\/904"}],"wp:attachment":[{"href":"https:\/\/kinderoutdoor.de\/ktt\/wp-json\/wp\/v2\/media?parent=45"}],"curies":[{"name":"wp","href":"https:\/\/api.w.org\/{rel}","templated":true}]}}