{"id":1306,"date":"2022-02-13T01:19:57","date_gmt":"2022-02-12T23:19:57","guid":{"rendered":"https:\/\/kinderoutdoor.de\/ktt\/?page_id=1306"},"modified":"2024-05-19T16:48:59","modified_gmt":"2024-05-19T14:48:59","slug":"kindertrage-einfach-leihen-mieten","status":"publish","type":"page","link":"https:\/\/kinderoutdoor.de\/ktt\/","title":{"rendered":"Kindertrage einfach leihen &#8211; und ab geht&#8217;s nach drau\u00dfen!"},"content":{"rendered":"\n<div style=\"height:21px\" aria-hidden=\"true\" class=\"wp-block-spacer\"><\/div>\n\n\n\n<div class=\"wp-block-group alignwide\"><div class=\"wp-block-group__inner-container is-layout-flow wp-block-group-is-layout-flow\">\n<div class=\"wp-block-media-text alignwide has-media-on-the-right is-stacked-on-mobile is-image-fill\" style=\"grid-template-columns:auto 37%\"><div class=\"wp-block-media-text__content\">\n<p style=\"font-size:16px\"><strong>Kindertragen leihen und schon kann das Abenteuer beginnen!<\/strong> Dort, wo f\u00fcr den Kinderwagen beim Wandern Schluss ist, geht der Spa\u00df mit der Kindertrage erst richtig los. So ist die Familie entspannt gemeinsam in den Bergen oder Mittelgebirgen unterwegs.<\/p>\n\n\n\n<p style=\"font-size:16px\"><strong>Bei uns gibt es <a href=\"https:\/\/kinderoutdoor.de\/ktt\/kindertragen\/\">aktuelle Modelle<\/a> von Deuter mit viel n\u00fctzlichem <a href=\"https:\/\/kinderoutdoor.de\/ktt\/rucksaecke-leihen\/\">Zubeh\u00f6r<\/a> zu leihen.<\/strong> Auch Vaude-Kindertragen geh\u00f6ren zu unserem Sortiment.<\/p>\n\n\n\n<p style=\"font-size:16px\"><strong>Wir haben alle Kraxen zuvor bei Wanderungen getestet.<\/strong> Nur, was wir f\u00fcr gut befinden, kommt bei uns in den Kindertragen-Verleih.<\/p>\n<\/div><figure class=\"wp-block-media-text__media\" style=\"background-image:url(https:\/\/kinderoutdoor.de\/ktt\/wp-content\/uploads\/2018\/07\/DSC08415.jpg);background-position:50% 50%\"><a href=\"https:\/\/kinderoutdoor.de\/ktt\/about\/\"><img loading=\"lazy\" decoding=\"async\" width=\"640\" height=\"426\" src=\"https:\/\/kinderoutdoor.de\/ktt\/wp-content\/uploads\/2018\/07\/DSC08415.jpg\" alt=\"\" class=\"wp-image-776 size-full\" srcset=\"https:\/\/kinderoutdoor.de\/ktt\/wp-content\/uploads\/2018\/07\/DSC08415.jpg 640w, https:\/\/kinderoutdoor.de\/ktt\/wp-content\/uploads\/2018\/07\/DSC08415-300x200.jpg 300w\" sizes=\"auto, (max-width: 640px) 100vw, 640px\" \/><\/a><\/figure><\/div>\n<\/div><\/div>\n\n\n\n<div style=\"height:48px\" aria-hidden=\"true\" class=\"wp-block-spacer\"><\/div>\n\n\n\n<div class=\"wp-block-group alignwide\"><div class=\"wp-block-group__inner-container is-layout-flow wp-block-group-is-layout-flow\">\n<div class=\"wp-block-media-text alignwide is-stacked-on-mobile is-image-fill\" style=\"grid-template-columns:37% auto\"><figure class=\"wp-block-media-text__media\" style=\"background-image:url(https:\/\/kinderoutdoor.de\/ktt\/wp-content\/uploads\/2022\/02\/kindertragen-leihen-hoch-768x1024.jpg);background-position:50% 50%\"><a href=\"https:\/\/kinderoutdoor.de\/ktt\/about\/\"><img loading=\"lazy\" decoding=\"async\" width=\"768\" height=\"1024\" src=\"https:\/\/kinderoutdoor.de\/ktt\/wp-content\/uploads\/2022\/02\/kindertragen-leihen-hoch-768x1024.jpg\" alt=\"Kindertrage leihen\" class=\"wp-image-1419 size-full\" srcset=\"https:\/\/kinderoutdoor.de\/ktt\/wp-content\/uploads\/2022\/02\/kindertragen-leihen-hoch-768x1024.jpg 768w, https:\/\/kinderoutdoor.de\/ktt\/wp-content\/uploads\/2022\/02\/kindertragen-leihen-hoch-225x300.jpg 225w, https:\/\/kinderoutdoor.de\/ktt\/wp-content\/uploads\/2022\/02\/kindertragen-leihen-hoch-1152x1536.jpg 1152w, https:\/\/kinderoutdoor.de\/ktt\/wp-content\/uploads\/2022\/02\/kindertragen-leihen-hoch-1536x2048.jpg 1536w, https:\/\/kinderoutdoor.de\/ktt\/wp-content\/uploads\/2022\/02\/kindertragen-leihen-hoch.jpg 1704w\" sizes=\"auto, (max-width: 768px) 100vw, 768px\" \/><\/a><\/figure><div class=\"wp-block-media-text__content\">\n<div style=\"height:10px\" aria-hidden=\"true\" class=\"wp-block-spacer\"><\/div>\n\n\n\n<h2 class=\"wp-block-heading\" id=\"kindertragen-mieten-und-sicher-unterwegs\"><strong>Kindertragen leihen und sicher unterwegs!<\/strong><\/h2>\n\n\n\n<p style=\"font-size:16px\"><strong>Wir beraten auch pers\u00f6nlich gerne, was die ideale Kindertrage f\u00fcr euch ist.<\/strong> Bei uns gibt es keine versteckten Kosten. Wir liefern p\u00fcnktlich und sind flexibel.<\/p>\n\n\n\n<p style=\"font-size:16px\"><strong>Mach dich schlau \u00fcber den <a href=\"https:\/\/kinderoutdoor.de\/ktt\/informationen-zum-verleih\/\">Ablauf<\/a>, unsere g\u00fcnstigen <a href=\"https:\/\/kinderoutdoor.de\/ktt\/kindertragen\/\">Preise<\/a> &#8211; und dann <a href=\"https:\/\/kinderoutdoor.de\/ktt\/kindertragen#anfrage\"><mark>reservier&#8217; gleich hier<\/mark><\/a>.<\/strong><\/p>\n<\/div><\/div>\n<\/div><\/div>\n\n\n\n<div style=\"height:53px\" aria-hidden=\"true\" class=\"wp-block-spacer\"><\/div>\n\n\n\n<p style=\"font-size:16px\"><em>Oder schau dir erstmal an, was ihr mit den Kindertragen alles machen k\u00f6nnt:<\/em><\/p>\n\n\n\n<div style=\"height:43px\" aria-hidden=\"true\" class=\"wp-block-spacer\"><\/div>\n\n\n\n<h2 class=\"wp-block-heading\" id=\"aktuelle-tipps-kindertragen\">Aktuelle Tipps Kindertragen<\/h2>\n\n\n\n<div class=\"wp-block-query is-layout-flow wp-block-query-is-layout-flow\"><ul class=\"wp-block-post-template is-layout-flow wp-block-post-template-is-layout-flow\"><li class=\"wp-block-post post-1693 post type-post status-publish format-standard has-post-thumbnail hentry category-allgemein tag-familien-urlaub-karwendel tag-silbercard-silberregion-karwendel tag-silbercard-sommer-2025 tag-wandern-kindertrage-karwendel\">\n<h2 class=\"wp-block-post-title\"><a href=\"https:\/\/kinderoutdoor.de\/ktt\/2025\/03\/mit-der-silbercard-guenstiger-in-der-silberregion-karwendel-unterwegs-sein\/\" target=\"_self\" >Mit der Silbercard g\u00fcnstiger in der Silberregion Karwendel unterwegs sein<\/a><\/h2>\n\n\n\n\n<div class=\"wp-block-columns is-layout-flex wp-container-core-columns-is-layout-28f84493 wp-block-columns-is-layout-flex\">\n<div class=\"wp-block-column is-layout-flow wp-block-column-is-layout-flow\" style=\"flex-basis:100%\"><figure class=\"alignwide wp-block-post-featured-image\"><a href=\"https:\/\/kinderoutdoor.de\/ktt\/2025\/03\/mit-der-silbercard-guenstiger-in-der-silberregion-karwendel-unterwegs-sein\/\" target=\"_self\"  ><img loading=\"lazy\" decoding=\"async\" width=\"800\" height=\"534\" src=\"https:\/\/kinderoutdoor.de\/ktt\/wp-content\/uploads\/2025\/03\/burg_freundsberg_c_angelica_morales_silberregion_karwendel.jpg\" class=\"attachment-post-thumbnail size-post-thumbnail wp-post-image\" alt=\"Mit der Silbercard g\u00fcnstiger in der Silberregion Karwendel unterwegs sein\" style=\"object-fit:cover;\" srcset=\"https:\/\/kinderoutdoor.de\/ktt\/wp-content\/uploads\/2025\/03\/burg_freundsberg_c_angelica_morales_silberregion_karwendel.jpg 800w, https:\/\/kinderoutdoor.de\/ktt\/wp-content\/uploads\/2025\/03\/burg_freundsberg_c_angelica_morales_silberregion_karwendel-300x200.jpg 300w, https:\/\/kinderoutdoor.de\/ktt\/wp-content\/uploads\/2025\/03\/burg_freundsberg_c_angelica_morales_silberregion_karwendel-768x513.jpg 768w\" sizes=\"auto, (max-width: 800px) 100vw, 800px\" \/><\/a><\/figure><\/div>\n<\/div>\n\n\n<div class=\"wp-block-post-excerpt\"><p class=\"wp-block-post-excerpt__excerpt\">Was ist der Unterschied zwischen einem Finanzminister und einer Familie? Die Familien achten auch im Urlaub auf ihr Budget. In der Silberregion Karwendel gibt es die Silbercard. Damit k\u00f6nnen die Urlauber an knapp 60 Urlaubsattraktionen Geld sparen und haben trotzdem maximalen Spa\u00df dabei. Besonders f\u00fcr Familien lohnt sich die Silbercard. Schwazer Silberbergwerk, Schloss Tratzberg, Your&hellip; <\/p><\/div>\n\n\n<hr class=\"wp-block-separator has-css-opacity\"\/>\n\n\n<div class=\"wp-block-post-date\"><time datetime=\"2025-03-15T20:30:48+02:00\">15. M\u00e4rz 2025<\/time><\/div>\n<\/li><li class=\"wp-block-post post-1686 post type-post status-publish format-standard has-post-thumbnail hentry category-allgemein tag-familien-wandern-tschechien tag-kinder-wandern-tschechien tag-outdoor-tschechien tag-tschechien-outdoor tag-wandern-kindertrage-tschechien\">\n<h2 class=\"wp-block-post-title\"><a href=\"https:\/\/kinderoutdoor.de\/ktt\/2025\/03\/outdoor-familie-mit-der-kindertrage-in-tschechien-unterwegs\/\" target=\"_self\" >Outdoor Familie mit der Kindertrage in Tschechien unterwegs<\/a><\/h2>\n\n\n\n\n<div class=\"wp-block-columns is-layout-flex wp-container-core-columns-is-layout-28f84493 wp-block-columns-is-layout-flex\">\n<div class=\"wp-block-column is-layout-flow wp-block-column-is-layout-flow\" style=\"flex-basis:100%\"><figure class=\"alignwide wp-block-post-featured-image\"><a href=\"https:\/\/kinderoutdoor.de\/ktt\/2025\/03\/outdoor-familie-mit-der-kindertrage-in-tschechien-unterwegs\/\" target=\"_self\"  ><img loading=\"lazy\" decoding=\"async\" width=\"800\" height=\"511\" src=\"https:\/\/kinderoutdoor.de\/ktt\/wp-content\/uploads\/2025\/03\/9734_9733_CzechTourism_Prehrada_Reservoir_Nove_Mlyny.jpg\" class=\"attachment-post-thumbnail size-post-thumbnail wp-post-image\" alt=\"Outdoor Familie mit der Kindertrage in Tschechien unterwegs\" style=\"object-fit:cover;\" srcset=\"https:\/\/kinderoutdoor.de\/ktt\/wp-content\/uploads\/2025\/03\/9734_9733_CzechTourism_Prehrada_Reservoir_Nove_Mlyny.jpg 800w, https:\/\/kinderoutdoor.de\/ktt\/wp-content\/uploads\/2025\/03\/9734_9733_CzechTourism_Prehrada_Reservoir_Nove_Mlyny-300x192.jpg 300w, https:\/\/kinderoutdoor.de\/ktt\/wp-content\/uploads\/2025\/03\/9734_9733_CzechTourism_Prehrada_Reservoir_Nove_Mlyny-768x491.jpg 768w\" sizes=\"auto, (max-width: 800px) 100vw, 800px\" \/><\/a><\/figure><\/div>\n<\/div>\n\n\n<div class=\"wp-block-post-excerpt\"><p class=\"wp-block-post-excerpt__excerpt\">Echter Outdoorer lieben die unentdeckten Wege und stillen Pl\u00e4tze. In manchen angesagten Urlaubsl\u00e4ndern sind diese besonderen Pfade selten. Anders in unserem Nachbarland Tschechien. Hier k\u00f6nnen die Outdoor Familien mit dem Fahrrad, dem Camper oder der Bahn unterwegs sein. Tschechien ist ideal f\u00fcr Familien die mit der Kindertrage wandern oder Sehensw\u00fcrdigkeiten entdecken wollen. Ganze 817 Kilometer&hellip; <\/p><\/div>\n\n\n<hr class=\"wp-block-separator has-css-opacity\"\/>\n\n\n<div class=\"wp-block-post-date\"><time datetime=\"2025-03-13T20:25:44+02:00\">13. M\u00e4rz 2025<\/time><\/div>\n<\/li><li class=\"wp-block-post post-1671 post type-post status-publish format-standard has-post-thumbnail hentry category-allgemein tag-kindertrage-wandern tag-kindertrage-wanderung tag-kindertrage-wilder-kaiser tag-kindertragen-wandern tag-wandern-kindertrage tag-wandern-wilder-kaiser tag-wanderun-kindertrage tag-wanderungen-kindertrage tag-wanderungen-wilder-kaiser-familie tag-wilder-kaiser-kindertrage-wandern\">\n<h2 class=\"wp-block-post-title\"><a href=\"https:\/\/kinderoutdoor.de\/ktt\/2024\/06\/wandern-mit-der-kindertrage-am-wilden-kaiser\/\" target=\"_self\" >Wandern mit der Kindertrage am Wilden Kaiser<\/a><\/h2>\n\n\n\n\n<div class=\"wp-block-columns is-layout-flex wp-container-core-columns-is-layout-28f84493 wp-block-columns-is-layout-flex\">\n<div class=\"wp-block-column is-layout-flow wp-block-column-is-layout-flow\" style=\"flex-basis:100%\"><figure class=\"alignwide wp-block-post-featured-image\"><a href=\"https:\/\/kinderoutdoor.de\/ktt\/2024\/06\/wandern-mit-der-kindertrage-am-wilden-kaiser\/\" target=\"_self\"  ><img loading=\"lazy\" decoding=\"async\" width=\"800\" height=\"533\" src=\"https:\/\/kinderoutdoor.de\/ktt\/wp-content\/uploads\/2024\/06\/Wilder-Kaiser_Tirol-Werbung_Herbig-Hans_Keine-Ortsangabe1.jpg\" class=\"attachment-post-thumbnail size-post-thumbnail wp-post-image\" alt=\"Wandern mit der Kindertrage am Wilden Kaiser\" style=\"object-fit:cover;\" srcset=\"https:\/\/kinderoutdoor.de\/ktt\/wp-content\/uploads\/2024\/06\/Wilder-Kaiser_Tirol-Werbung_Herbig-Hans_Keine-Ortsangabe1.jpg 800w, https:\/\/kinderoutdoor.de\/ktt\/wp-content\/uploads\/2024\/06\/Wilder-Kaiser_Tirol-Werbung_Herbig-Hans_Keine-Ortsangabe1-300x200.jpg 300w, https:\/\/kinderoutdoor.de\/ktt\/wp-content\/uploads\/2024\/06\/Wilder-Kaiser_Tirol-Werbung_Herbig-Hans_Keine-Ortsangabe1-768x512.jpg 768w\" sizes=\"auto, (max-width: 800px) 100vw, 800px\" \/><\/a><\/figure><\/div>\n<\/div>\n\n\n<div class=\"wp-block-post-excerpt\"><p class=\"wp-block-post-excerpt__excerpt\">Wandern im Sommer, dazu geh\u00f6rt ein Urlaub in Tirol. Am Wilden Kaiser l\u00e4sst es sich wunderbar mit der Familie wandern. Auch mit der Kindertrage. F\u00fcr jedes Niveau bietet der Wilde Kaiser gepflegte Touren. Wir stellen Euch diese \u00f6sterreichische Region vor. Lasst Euch vom Wilden Kaiser inspieren und freut Euch darauf, dort die Ferien zu verbringen.&hellip; <\/p><\/div>\n\n\n<hr class=\"wp-block-separator has-css-opacity\"\/>\n\n\n<div class=\"wp-block-post-date\"><time datetime=\"2024-06-30T12:52:34+02:00\">30. Juni 2024<\/time><\/div>\n<\/li><\/ul><\/div>\n","protected":false},"excerpt":{"rendered":"<p>Kindertragen leihen und schon kann das Abenteuer beginnen! Dort, wo f\u00fcr den Kinderwagen beim Wandern Schluss ist, geht der Spa\u00df mit der Kindertrage erst richtig los. So ist die Familie entspannt gemeinsam in den Bergen oder Mittelgebirgen unterwegs. Bei uns gibt es aktuelle Modelle von Deuter mit viel n\u00fctzlichem Zubeh\u00f6r zu leihen. Auch Vaude-Kindertragen geh\u00f6ren [&hellip;]<\/p>\n","protected":false},"author":4,"featured_media":1418,"parent":0,"menu_order":0,"comment_status":"closed","ping_status":"closed","template":"","meta":{"footnotes":""},"class_list":["post-1306","page","type-page","status-publish","has-post-thumbnail","hentry"],"_links":{"self":[{"href":"https:\/\/kinderoutdoor.de\/ktt\/wp-json\/wp\/v2\/pages\/1306","targetHints":{"allow":["GET"]}}],"collection":[{"href":"https:\/\/kinderoutdoor.de\/ktt\/wp-json\/wp\/v2\/pages"}],"about":[{"href":"https:\/\/kinderoutdoor.de\/ktt\/wp-json\/wp\/v2\/types\/page"}],"author":[{"embeddable":true,"href":"https:\/\/kinderoutdoor.de\/ktt\/wp-json\/wp\/v2\/users\/4"}],"replies":[{"embeddable":true,"href":"https:\/\/kinderoutdoor.de\/ktt\/wp-json\/wp\/v2\/comments?post=1306"}],"version-history":[{"count":55,"href":"https:\/\/kinderoutdoor.de\/ktt\/wp-json\/wp\/v2\/pages\/1306\/revisions"}],"predecessor-version":[{"id":1700,"href":"https:\/\/kinderoutdoor.de\/ktt\/wp-json\/wp\/v2\/pages\/1306\/revisions\/1700"}],"wp:featuredmedia":[{"embeddable":true,"href":"https:\/\/kinderoutdoor.de\/ktt\/wp-json\/wp\/v2\/media\/1418"}],"wp:attachment":[{"href":"https:\/\/kinderoutdoor.de\/ktt\/wp-json\/wp\/v2\/media?parent=1306"}],"curies":[{"name":"wp","href":"https:\/\/api.w.org\/{rel}","templated":true}]}}