{"id":301,"date":"2025-03-25T19:43:09","date_gmt":"2025-03-25T18:43:09","guid":{"rendered":"https:\/\/kinderoutdoor.de\/angebote\/?post_type=product&#038;p=301"},"modified":"2025-03-25T19:48:40","modified_gmt":"2025-03-25T18:48:40","slug":"mtb-abschleppseil-leihen","status":"publish","type":"product","link":"https:\/\/kinderoutdoor.de\/angebote\/produkt\/mtb-abschleppseil-leihen\/","title":{"rendered":"MTB-Abschleppseil leihen"},"content":{"rendered":"<ul>\n<li>Mietpreis pro Woche, inklusive Hin- <em>und<\/em> R\u00fcckversand<\/li>\n<li>Gib einfach an, wie viele Wochen du das Zelt brauchst<\/li>\n<li><a href=\"https:\/\/kinderoutdoor.de\/ktt\/kontakt\/\">Stelle mir gerne deine Fragen<\/a><\/li>\n<\/ul>\n<h2>Mit dem MTB-Abschleppseil \u00fcber alle Berge<\/h2>\n<p><strong>Was tun, wenn den Kindern an Steigungen die Kr\u00e4fte verlassen?<\/strong><\/p>\n<p>Absteigen und schieben.<\/p>\n<p>Sehr schwer ist es dann, wieder in Fahrt zu kommen. Doch von Kids Ride gibt es ein spezielles Abschleppseil!<\/p>\n<p>Mit der Vorbauschlaufe passt es zu allen g\u00e4ngigen Fahrr\u00e4dern und hat eine Tragf\u00e4higkeit von 225 Kg. In wenigen Minuten ist das Abschleppseil montiert und schon kann es bergauf gehen.<\/p>\n<p>Das Abschleppseil l\u00e4sst sich problemlos in einer mitgelieferten Tasche am Sattel verstauen oder um die H\u00fcfte verstauen &#8211; und wiegt nur 250 Gramm.<\/p>\n<p><iframe loading=\"lazy\" title=\"Introducing The Shotgun MTB Tow Rope\" width=\"980\" height=\"551\" src=\"https:\/\/www.youtube.com\/embed\/MbUu3wuUy34?feature=oembed\" frameborder=\"0\" allow=\"accelerometer; autoplay; clipboard-write; encrypted-media; gyroscope; picture-in-picture; web-share\" referrerpolicy=\"strict-origin-when-cross-origin\" allowfullscreen><\/iframe><\/p>\n<p>&nbsp;<\/p>\n","protected":false},"excerpt":{"rendered":"<p>Mietpreis pro Woche, inklusive Hin- und R\u00fcckversand Gib einfach an, wie viele Wochen du das Zelt brauchst Stelle mir gerne deine Fragen Mit dem MTB-Abschleppseil \u00fcber alle Berge Was tun, wenn den Kindern an Steigungen die Kr\u00e4fte verlassen? Absteigen und schieben. Sehr schwer ist es dann, wieder in Fahrt zu kommen. Doch von Kids Ride [&hellip;]<\/p>\n","protected":false},"featured_media":302,"template":"","meta":[],"product_brand":[],"product_cat":[25],"product_tag":[],"class_list":{"0":"post-301","1":"product","2":"type-product","3":"status-publish","4":"has-post-thumbnail","6":"product_cat-leihgeraete","8":"first","9":"instock","10":"taxable","11":"shipping-taxable","12":"purchasable","13":"product-type-simple"},"_links":{"self":[{"href":"https:\/\/kinderoutdoor.de\/angebote\/wp-json\/wp\/v2\/product\/301","targetHints":{"allow":["GET"]}}],"collection":[{"href":"https:\/\/kinderoutdoor.de\/angebote\/wp-json\/wp\/v2\/product"}],"about":[{"href":"https:\/\/kinderoutdoor.de\/angebote\/wp-json\/wp\/v2\/types\/product"}],"wp:featuredmedia":[{"embeddable":true,"href":"https:\/\/kinderoutdoor.de\/angebote\/wp-json\/wp\/v2\/media\/302"}],"wp:attachment":[{"href":"https:\/\/kinderoutdoor.de\/angebote\/wp-json\/wp\/v2\/media?parent=301"}],"wp:term":[{"taxonomy":"product_brand","embeddable":true,"href":"https:\/\/kinderoutdoor.de\/angebote\/wp-json\/wp\/v2\/product_brand?post=301"},{"taxonomy":"product_cat","embeddable":true,"href":"https:\/\/kinderoutdoor.de\/angebote\/wp-json\/wp\/v2\/product_cat?post=301"},{"taxonomy":"product_tag","embeddable":true,"href":"https:\/\/kinderoutdoor.de\/angebote\/wp-json\/wp\/v2\/product_tag?post=301"}],"curies":[{"name":"wp","href":"https:\/\/api.w.org\/{rel}","templated":true}]}}