{"id":295,"date":"2025-03-25T19:28:43","date_gmt":"2025-03-25T18:28:43","guid":{"rendered":"https:\/\/kinderoutdoor.de\/angebote\/?post_type=product&#038;p=295"},"modified":"2025-03-25T19:41:45","modified_gmt":"2025-03-25T18:41:45","slug":"packraft-leihen","status":"publish","type":"product","link":"https:\/\/kinderoutdoor.de\/angebote\/produkt\/packraft-leihen\/","title":{"rendered":"Packraft leihen"},"content":{"rendered":"<ul>\n<li>Mietpreis pro Woche, inklusive Hin- <em>und<\/em> R\u00fcckversand<\/li>\n<li>Gib einfach an, wie viele Wochen du das Zelt brauchst<\/li>\n<li><a href=\"https:\/\/kinderoutdoor.de\/ktt\/kontakt\/\">Stelle mir gerne deine Fragen<\/a><\/li>\n<\/ul>\n<h2>nortik Duo EXPEDITION PackRaft: Wandern und paddeln!<\/h2>\n<p>Schluss mit dem sperrigen und schweren HTP Booten oder den umst\u00e4ndlich aufzubauenden Faltbooten. Das nortik Duo Expedition ist eine Klasse f\u00fcr sich:<\/p>\n<p><strong>In weniger als zehn Minuten ist es startklar und l\u00e4sst sich vielseitig einsetzen.<\/strong><\/p>\n<p>Mit dem kleinen Packma\u00df passt es problemlos in einen gr\u00f6\u00dferen Rucksack und dadurch haben Outdoorer die totale Flexibilit\u00e4t.<\/p>\n<p>Wer m\u00f6chte, kann das nortik Duo Expedition PackRaft auch alleine nutzen.<\/p>\n<p>Es bietet genug Platz, um Ausr\u00fcstung mitzunehmen.<\/p>\n<ul>\n<li>Auf dem Wasser ist das nortik Duo Expedition spurtreu und l\u00e4sst sich im offenen Meer genauso gut einsetzen wie auf Binnengew\u00e4sser.<\/li>\n<li>Durch den niedrigen Schwerpunkt ist die Windanf\u00e4lligkeit deutlich geringer als bei manch anderen Booten.<\/li>\n<li>Gefertigt ist das Packraft aus Hochleistungs-Ultraleicht-TPU.<\/li>\n<li>Bei den nortik Duo Expedition sind die Luftschl\u00e4uche beidseitig beschichtet. Der Vorteil: Selbst, wenn die \u00e4u\u00dfere Schicht verletzt sein sollte, bietet die Innenbeschichtung Dichtigkeit.<\/li>\n<\/ul>\n<p>&nbsp;<\/p>\n<p><iframe loading=\"lazy\" title=\"Kinder Outdoor Test: Wir haben f\u00fcr Euch das Nortik Duo Expedition Packraft ausprobiert\ud83d\udef6\" width=\"980\" height=\"551\" src=\"https:\/\/www.youtube.com\/embed\/G4P5VU556mI?feature=oembed\" frameborder=\"0\" allow=\"accelerometer; autoplay; clipboard-write; encrypted-media; gyroscope; picture-in-picture; web-share\" referrerpolicy=\"strict-origin-when-cross-origin\" allowfullscreen><\/iframe><\/p>\n<h2>Und hier die Daten:<\/h2>\n<ul>\n<li>Sitze: 2\/1<\/li>\n<li>L\u00e4nge: 315 cm<\/li>\n<li>Breite: 94 cm<\/li>\n<li>Innenma\u00df: 228 x 31 cm<\/li>\n<li>Gewicht: 4,9 kg<\/li>\n<li>Zuladung: 185 kg<\/li>\n<li>Packma\u00df: 60 x 40 cm<\/li>\n<li>Farben:\u00a0orange\/schwarz<\/li>\n<\/ul>\n<p><em>Wir liefern mit Paddel. Schwimmwesten bitte immer anlegen und diese selbst organisieren.<\/em><\/p>\n","protected":false},"excerpt":{"rendered":"<p>Mietpreis pro Woche, inklusive Hin- und R\u00fcckversand Gib einfach an, wie viele Wochen du das Zelt brauchst Stelle mir gerne deine Fragen nortik Duo EXPEDITION PackRaft: Wandern und paddeln! Schluss mit dem sperrigen und schweren HTP Booten oder den umst\u00e4ndlich aufzubauenden Faltbooten. Das nortik Duo Expedition ist eine Klasse f\u00fcr sich: In weniger als zehn [&hellip;]<\/p>\n","protected":false},"featured_media":297,"template":"","meta":[],"product_brand":[],"product_cat":[25],"product_tag":[],"class_list":{"0":"post-295","1":"product","2":"type-product","3":"status-publish","4":"has-post-thumbnail","6":"product_cat-leihgeraete","8":"first","9":"instock","10":"taxable","11":"shipping-taxable","12":"purchasable","13":"product-type-simple"},"_links":{"self":[{"href":"https:\/\/kinderoutdoor.de\/angebote\/wp-json\/wp\/v2\/product\/295","targetHints":{"allow":["GET"]}}],"collection":[{"href":"https:\/\/kinderoutdoor.de\/angebote\/wp-json\/wp\/v2\/product"}],"about":[{"href":"https:\/\/kinderoutdoor.de\/angebote\/wp-json\/wp\/v2\/types\/product"}],"wp:featuredmedia":[{"embeddable":true,"href":"https:\/\/kinderoutdoor.de\/angebote\/wp-json\/wp\/v2\/media\/297"}],"wp:attachment":[{"href":"https:\/\/kinderoutdoor.de\/angebote\/wp-json\/wp\/v2\/media?parent=295"}],"wp:term":[{"taxonomy":"product_brand","embeddable":true,"href":"https:\/\/kinderoutdoor.de\/angebote\/wp-json\/wp\/v2\/product_brand?post=295"},{"taxonomy":"product_cat","embeddable":true,"href":"https:\/\/kinderoutdoor.de\/angebote\/wp-json\/wp\/v2\/product_cat?post=295"},{"taxonomy":"product_tag","embeddable":true,"href":"https:\/\/kinderoutdoor.de\/angebote\/wp-json\/wp\/v2\/product_tag?post=295"}],"curies":[{"name":"wp","href":"https:\/\/api.w.org\/{rel}","templated":true}]}}